{"id":192,"date":"2023-10-01T15:20:29","date_gmt":"2023-10-01T13:20:29","guid":{"rendered":"http:\/\/laboartstextiles.org\/?page_id=192"},"modified":"2023-10-01T15:20:29","modified_gmt":"2023-10-01T13:20:29","slug":"atelier-etendards-au-planning-familial-19","status":"publish","type":"page","link":"https:\/\/laboartstextiles.org\/index.php\/atelier-etendards-au-planning-familial-19\/","title":{"rendered":"Atelier \u00e9tendards au Planning Familial 19\u00a0"},"content":{"rendered":"\n<p><strong>6 &amp; 7 MAI 2023, \u00e0 Peyrelevade<\/strong><\/p>\n\n\n\n<p>Cet atelier, durant lequel une dizaine de participantes se sont jointes \u00e0 quatre membre du Labo Textile, \u00e9tait une proposition de penser et fabriquer collectivement des banderoles signal\u00e9tiques pour le camion du Planning Familiale.  Ce camion est utilis\u00e9 pour faire des permanences de sensibilisation et des entretiens hors les murs, dans l\u2019espace public, des lyc\u00e9es, devant des supermarch\u00e9s&#8230; Nous devions penser un moyen signal\u00e9tique qui puisse \u00eatre install\u00e9 et d\u00e9sinstall\u00e9 facilement lors de ces permanences. <\/p>\n\n\n\n<p>R\u00e9uni.es pendant un week-end dans les locaux du Planning Familial 19 \u00e0 Peyrelevade nous avons confectionn\u00e9 trois banderoles sur mesure, qui sont aimant\u00e9es sur diff\u00e9rentes parties du camion. Nous avons travaill\u00e9 \u00e0 partir de plusieurs techniques de patchwork et d\u2019appliqu\u00e9, comprenant un travail de la couleur et du graphisme pour r\u00e9aliser les diff\u00e9rentes typographies.<\/p>\n\n\n\n<figure class=\"wp-block-image size-large\"><img loading=\"lazy\" decoding=\"async\" width=\"724\" height=\"1024\" src=\"http:\/\/laboartstextiles.org\/wp-content\/uploads\/2023\/04\/affiche_atelier_planning_web-724x1024.png\" alt=\"\" class=\"wp-image-99\" srcset=\"https:\/\/laboartstextiles.org\/wp-content\/uploads\/2023\/04\/affiche_atelier_planning_web-724x1024.png 724w, https:\/\/laboartstextiles.org\/wp-content\/uploads\/2023\/04\/affiche_atelier_planning_web-212x300.png 212w, https:\/\/laboartstextiles.org\/wp-content\/uploads\/2023\/04\/affiche_atelier_planning_web-768x1086.png 768w, https:\/\/laboartstextiles.org\/wp-content\/uploads\/2023\/04\/affiche_atelier_planning_web.png 842w\" sizes=\"auto, (max-width: 724px) 100vw, 724px\" \/><\/figure>\n","protected":false},"excerpt":{"rendered":"<p>6 &amp; 7 MAI 2023, \u00e0 Peyrelevade Cet atelier, durant lequel une dizaine de participantes se sont jointes \u00e0 quatre membre du Labo Textile, \u00e9tait une proposition de penser et&hellip; <a class=\"more-link\" href=\"https:\/\/laboartstextiles.org\/index.php\/atelier-etendards-au-planning-familial-19\/\">Poursuivre la lecture <span class=\"screen-reader-text\">Atelier \u00e9tendards au Planning Familial 19\u00a0<\/span><\/a><\/p>\n","protected":false},"author":1,"featured_media":0,"parent":0,"menu_order":0,"comment_status":"closed","ping_status":"closed","template":"","meta":{"_EventAllDay":false,"_EventTimezone":"","_EventStartDate":"","_EventEndDate":"","_EventStartDateUTC":"","_EventEndDateUTC":"","_EventShowMap":false,"_EventShowMapLink":false,"_EventURL":"","_EventCost":"","_EventCostDescription":"","_EventCurrencySymbol":"","_EventCurrencyCode":"","_EventCurrencyPosition":"","_EventDateTimeSeparator":"","_EventTimeRangeSeparator":"","_EventOrganizerID":[],"_EventVenueID":[],"_OrganizerEmail":"","_OrganizerPhone":"","_OrganizerWebsite":"","_VenueAddress":"","_VenueCity":"","_VenueCountry":"","_VenueProvince":"","_VenueState":"","_VenueZip":"","_VenuePhone":"","_VenueURL":"","_VenueStateProvince":"","_VenueLat":"","_VenueLng":"","_VenueShowMap":false,"_VenueShowMapLink":false,"footnotes":""},"class_list":["post-192","page","type-page","status-publish","hentry","entry"],"_links":{"self":[{"href":"https:\/\/laboartstextiles.org\/index.php\/wp-json\/wp\/v2\/pages\/192","targetHints":{"allow":["GET"]}}],"collection":[{"href":"https:\/\/laboartstextiles.org\/index.php\/wp-json\/wp\/v2\/pages"}],"about":[{"href":"https:\/\/laboartstextiles.org\/index.php\/wp-json\/wp\/v2\/types\/page"}],"author":[{"embeddable":true,"href":"https:\/\/laboartstextiles.org\/index.php\/wp-json\/wp\/v2\/users\/1"}],"replies":[{"embeddable":true,"href":"https:\/\/laboartstextiles.org\/index.php\/wp-json\/wp\/v2\/comments?post=192"}],"version-history":[{"count":1,"href":"https:\/\/laboartstextiles.org\/index.php\/wp-json\/wp\/v2\/pages\/192\/revisions"}],"predecessor-version":[{"id":193,"href":"https:\/\/laboartstextiles.org\/index.php\/wp-json\/wp\/v2\/pages\/192\/revisions\/193"}],"wp:attachment":[{"href":"https:\/\/laboartstextiles.org\/index.php\/wp-json\/wp\/v2\/media?parent=192"}],"curies":[{"name":"wp","href":"https:\/\/api.w.org\/{rel}","templated":true}]}}

Atelier étendards au Planning Familial 19

<p><strong>6 &amp; 7 MAI 2023, à Peyrelevade</strong></p>



<p>Cet atelier, durant lequel une dizaine de participantes se sont jointes à quatre membre du Labo Textile, était une proposition de penser et fabriquer collectivement des banderoles signalétiques pour le camion du Planning Familiale.  Ce camion est utilisé pour faire des permanences de sensibilisation et des entretiens hors les murs, dans l’espace public, des lycées, devant des supermarchés&#8230; Nous devions penser un moyen signalétique qui puisse être installé et désinstallé facilement lors de ces permanences. </p>



<p>Réuni.es pendant un week-end dans les locaux du Planning Familial 19 à Peyrelevade nous avons confectionné trois banderoles sur mesure, qui sont aimantées sur différentes parties du camion. Nous avons travaillé à partir de plusieurs techniques de patchwork et d’appliqué, comprenant un travail de la couleur et du graphisme pour réaliser les différentes typographies.</p>



<figure class="wp-block-image size-large"><img loading="lazy" decoding="async" width="724" height="1024" src="http://laboartstextiles.org/wp-content/uploads/2023/04/affiche_atelier_planning_web-724x1024.png" alt="" class="wp-image-99" srcset="https://laboartstextiles.org/wp-content/uploads/2023/04/affiche_atelier_planning_web-724x1024.png 724w, https://laboartstextiles.org/wp-content/uploads/2023/04/affiche_atelier_planning_web-212x300.png 212w, https://laboartstextiles.org/wp-content/uploads/2023/04/affiche_atelier_planning_web-768x1086.png 768w, https://laboartstextiles.org/wp-content/uploads/2023/04/affiche_atelier_planning_web.png 842w" sizes="auto, (max-width: 724px) 100vw, 724px" /></figure>

<p>6 &amp; 7 MAI 2023, à Peyrelevade Cet atelier, durant lequel une dizaine de participantes se sont jointes à quatre membre du Labo Textile, était une proposition de penser et&hellip; <a class="more-link" href="https://laboartstextiles.org/index.php/atelier-etendards-au-planning-familial-19/">Poursuivre la lecture <span class="screen-reader-text">Atelier étendards au Planning Familial 19 </span></a></p>
